mainder when c(t) is divided by 45?
41
Let x = 143 - -227. Suppose x = -4*v + 418. What is the remainder when 222/10 + 1/(-5) is divided by v?
10
Suppose 4 = -4*t + 4*o - 12, -4*t + 3*o - 13 = 0. What is the remainder when t/(2/732*-3) is divided by 26?
18
Suppose -460 = -2*r - 3*r. Suppose -10115 - 4485 = -292*y. What is the remainder when r is divided by y?
42
Suppose 2*c = -3*j + 37197, -5*j + 38626 = -4*c + 112943. What is the remainder when c is divided by 110?
108
Let a(u) = 4*u**2 + 22*u + 21. Let c(z) = 2*z**2 + 11*z + 11. Let y(j) = 2*a(j) - 5*c(j). Calculate the remainder when 36 is divided by y(-3).
0
What is the remainder when ((-4)/3)/(11/(19767/(-3596)) + 2) is divided by 162?
64
Let m(w) = w + 13. Let y be m(-13). Suppose 5*a - 10*a + 175 = y. Let d(c) = c**3 - 5*c**2 - 25*c + 20. Calculate the remainder when a is divided by d(8).
11
Let d be (10/(-16))/(190/16 - 12). Let p(t) = 5*t**2 - 16*t + 20. Calculate the remainder when p(d) is divided by 7.
2
Let q(b) = 2*b**3 - 16*b**2 - 17*b + 13. Let y be q(9). Let w(l) = 9*l - 67. Calculate the remainder when w(y) is divided by 47.
37
Suppose 6*n = -3*u + 129, 5*u - 17 + 36 = 3*n. What is the remainder when 90 is divided by n?
0
Let m be ((-6)/12)/(3/66). What is the remainder when 94 is divided by m/(-143) - 880/(-52)?
9
Let g(a) = 3*a**2 + 47*a - 14. What is the remainder when g(4) is divided by 27?
6
Let m = 40 + 11. Suppose 0 = -10*j + m + 179. Let y = j - 14. What is the remainder when y is divided by 7?
2
Let k(m) = m - 31 - 25 + 79. What is the remainder when 116 is divided by k(-6)?
14
Suppose -2*b - 2*l = -5886, -2*b = -5*l + 9*l - 5894. What is the remainder when b is divided by 140?
139
Let n(q) = q**3 + 4*q**2 + q + 1. Let o be n(-4). Let b(z) = 3*z + 10. Let m be b(o). What is the remainder when 112 is divided by (-3 + 3 + m)*29?
25
Suppose -6*b + 2*b - 5*z = -1157, 4*b - 10*z = 1082. What is the remainder when b is divided by 141?
1
Let j(g) = g**2 + g. What is the remainder when 6 - (-155)/(11 - 6) is divided by j(-2)?
1
Calculate the remainder when ((-330)/8)/(63/(-252)) is divided by 80.
5
Let x = 37546 + -37522. Let c(m) = -5*m**3 + 3*m + 2. Calculate the remainder when c(-3) is divided by x.
8
Let h(r) = 4*r**2 - 3*r + 1. Let t be h(-1). Let q be (68 - 0)/((-7)/(84/t)). Calculate the remainder when 77 is divided by q/(-5) + (-42)/30 + 1.
17
Let q(x) = 4*x + 125. Let s be q(25). Suppose 20*u = 5*u + s. What is the remainder when 178 is divided by u?
13
Let d(l) = -l**3 + 5*l**2 + 5*l + 3. Let j be d(6). Let i(g) = -2*g - 3. What is the remainder when 54/70*(-4225)/(-507) + (-21)/49 is divided by i(j)?
0
Let z(q) = 8*q**3 + 27*q**2 - 50*q - 2. Calculate the remainder when 341 is divided by z(2).
61
Calculate the remainder when 229 is divided by (-12)/(-2) - (22 + 0 + -14) - -197.
34
Let m(j) = -22*j - 992. Calculate the remainder when 258 is divided by m(-51).
128
Suppose 62*j - 57*j - 255 = 0. Let v(m) = 36*m**2 + 2*m + 1. Let b be v(-1). Suppose -b = -j*l + 46*l. What is the remainder when l is divided by 4?
3
Suppose -11*c + 9*c + 4*a = -118, -4*a = 0. Suppose 3*h = 2*g + 4*h - c, 5*h + 2 = g. Let k = -69 + 148. What is the remainder when k is divided by g?
25
Let w(o) = 2*o**2 + 4*o - 14. Suppose 4*j = -j + 5*u - 90, -u - 62 = 3*j. Let n(p) = -11*p - 54. Calculate the remainder when n(j) is divided by w(-6).
30
Let c = -3 + 59. Suppose 107 = 2*o + y, 123*y - 121*y = -6. Suppose o*g + 26 = c*g. Calculate the remainder when 95 is divided by g.
17
Suppose 2*y = 3*v - 412 + 372, 5*v = -y + 84. What is the remainder when 1418 is divided by v?
10
Let f be (-6)/8 - 180/(-48). What is the remainder when 8 + (-1 - f) - 63/(-1) is divided by 37?
30
Let j = -243 + 234. Let c = -22 + 39. Calculate the remainder when 13 is divided by (j - -10)/(c/8 - 2).
5
Calculate the remainder when 270 is divided by 126 + (0/(44/4))/1.
18
Suppose 3*j - 35 = 5*h, -5*h + 9*h + 20 = 4*j. Calculate the remainder when ((-12)/60 - (-113)/h)*-2 is divided by 6.
5
Suppose 2*o - 5*l = -10*l + 45, 4*o + 2*l = 114. Calculate the remainder when (351750/80)/21 + 12/(-32) is divided by o.
29
Suppose 5*i + 104 + 36 = -x, -3*i + 2*x - 71 = 0. Let w = 39 + i. Suppose 0*k - 2*b = -4*k + 48, -k + w = -3*b. Calculate the remainder when 69 is divided by k.
9
Calculate the remainder when (4/1)/((-3)/(-123)) is divided by 41 + ((-5)/(30/(-36)))/2.
32
Let u(f) = f**3 + 25*f**2 - 1059. What is the remainder when u(-21) is divided by 43?
17
Suppose -2*i - 310 + 101 = -w, -848 = -4*w - 4*i. Calculate the remainder when w is divided by 27.
22
Let v = -70 + 101. Let p(g) = 346*g**2 - g. Let l be p(1). Let b = -224 + l. Calculate the remainder when b is divided by v.
28
Calculate the remainder when ((-352)/8)/(26/(-481)) is divided by 43.
40
Let q(u) = u**3 - 16*u**2 - 623*u + 39. Calculate the remainder when 5466 is divided by q(-17).
1
Let q(u) = -2403*u - 3981. Calculate the remainder when q(-4) is divided by 128.
127
Let t be 18/(-36)*(-4881 + -1). Suppose t = -3*f + 2633. What is the remainder when f is divided by (-2)/7 + 237/21?
9
Let y(b) = -101*b + 269. Let w be y(-12). Suppose -49*f - w = -5450. Calculate the remainder when 158 is divided by f.
77
Suppose 149*g - 146*g = 4*s - 7893, -2*s = -4*g - 3934. What is the remainder when s is divided by 20?
17
Let w be (-6)/(-4 + 6) - 3. Let y(j) = -5*j - 28. Let r be y(w). Suppose 4*g = -r*l + 34, 2*g - 5*l = -0*g + 23. What is the remainder when 23 is divided by g?
5
Suppose 5*x - 121 = -4*a, 2*x - 11*a - 22 = -6*a. Calculate the remainder when x is divided by -2 - (-1 - 3) - -10.
9
Let b = -149 + 159. Let p(d) be the first derivative of -d**4 + 2*d**3/3 + 3*d**2/2 - 2. What is the remainder when p(-2) is divided by b?
4
Let f be ((-2)/5)/(3/(-15)). Suppose -d = 3*z + z - 15, 5 = -5*d. Suppose f*u = -u + 4*p + 69, -z*p = 5*u - 147. Calculate the remainder when u is divided by 6.
3
Suppose -17*b + 68*b = b + 94500. What is the remainder when b is divided by 628?
6
Let x = 53 + -44. Let j = -43 - -69. What is the remainder when j is divided by 64/10 + -1 + x/15?
2
Let x(u) = -u**3 - 8*u**2 - 8*u - 7. Let g be x(-7). Suppose g = 26*l - 27*l + 7. Let k = 150 + -139. Calculate the remainder when k is divided by l.
4
What is the remainder when 73 is divided by (28/(-10 - -24))/(3/15)?
3
Suppose 0*w + 4*w - 96 = 0. Let c be (0 - 7)*w/(-14). Calculate the remainder when 25 is divided by 7 + 0*4/c.
4
Suppose -100*x + 726 = 26. Let n be ((-6)/(-4))/(2/(-88)). Let i = n + 97. What is the remainder when i is divided by x?
3
Suppose -30 = -3*g - 2*t, 9*t = -2*g + 4*t + 9. What is the remainder when (13/(-2))/(2/(-8)) is divided by (-2*(-2)/(-4))/(g/(-120))?
6
Let v = -1602 - -1730. Suppose -4*h - 630 = -190. Let a = h + v. Calculate the remainder when 177 is divided by a.
15
Suppose -7*v = -2*v - 20, -3*n + v = 22. Let c = n + 24. Suppose -4*t - 5*f + 0*f = -35, -2*t + 19 = 3*f. Calculate the remainder when c is divided by t.
3
Let h = 2492 - 2456. Calculate the remainder when 374 is divided by h.
14
Let c = -1971 + 2076. Calculate the remainder when c is divided by 35.
0
Let h = -20 + 32. Let k = 373 - 278. Calculate the remainder when k is divided by h.
11
Let b(m) = m + 26. Let h be b(-13). Suppose 18*n - h*n - 75 = 0. Calculate the remainder when 44 is divided by n.
14
Suppose 22*q - 450 = 13*q. Suppose -q*g + 32*g = -324. What is the remainder when 393 is divided by g?
15
Let n(r) = 3*r**2 - 14*r + 27. Let h be n(3). What is the remainder when (107 + -1)*(18/h - 1) is divided by 9?
8
Let w = 36256 - 23325. What is the remainder when w is divided by 53?
52
Suppose 0 = 17*h - 19*h + 2*r + 7510, h = 3*r + 3749. What is the remainder when h is divided by 38?
34
Let i = 23200 - 23191. What is the remainder when 179 is divided by i?
8
Suppose 795 = 6*f - 141. Let i = f - 30. Suppose 4*h - 7*h = -i. What is the remainder when h is divided by 17?
8
Suppose 11 + 13 = -4*b. Let n = -10 - b. Calculate the remainder when 42 is divided by (2/3)/(n/(-66)).
9
Calculate the remainder when 2/(-1) - 2772/(-6) is divided by 118.
106
Suppose -67*i - 1019 = -5776. What is the remainder when 316 is divided by i?
32
Let j(w) = w**3 - 8*w**2 + 2*w - 9. Let z be j(8). Suppose 4*o - 814 = -z*o.